{"id":628,"date":"2024-07-22T12:23:14","date_gmt":"2024-07-22T10:23:14","guid":{"rendered":"https:\/\/microlino-treffen.ch\/?page_id=628"},"modified":"2025-04-23T19:03:22","modified_gmt":"2025-04-23T17:03:22","slug":"microlinotreffen-2024-dankeschoen-den-mithelfenden-und-sponsoren","status":"publish","type":"page","link":"https:\/\/microlino-treffen.ch\/?page_id=628","title":{"rendered":"Microlinotreffen 2024: Dankesch\u00f6n den Mithelfenden und Sponsoren"},"content":{"rendered":"<p>Wir m\u00f6chten uns gerne bei allen bedanken, die zum Erfolg dieses Treffens beigetragen haben.<\/p>\n<p>Der Dank gilt vor allem meinen beiden fleissigen Mithelfern Fredi und Martin. Ohne ihre tatkr\u00e4ftige Mithilfe, ihrem Mitdenken und Mitorganisieren w\u00e4re es nicht m\u00f6glich gewesen, so etwas auf die Beine zu stellen.<br \/>\nHerzlichen Dank \ud83d\udc4f \u2764\ufe0f<\/p>\n<p>Ein ebenso grosses Dankesch\u00f6n geh\u00f6rt meiner Frau Trudi. Sie machte es erst m\u00f6glich, dass wir zu einem so g\u00fcnstigen wie auch guten Mittagessen kamen.<br \/>\nWir konnten ihr das Catering einfach so \u00fcbergeben.<br \/>\nVielen vielen Dank \u2764\ufe0f\ud83d\ude18<\/p>\n<p>Auch den vielen &#8222;Kuchenlieferanten&#8220; gilt ein riesiges Dankesch\u00f6n. Wir mussten auch dieses Jahr wieder einigen Backwilligen absagen.<br \/>\n\u2764\ufe0flichen Dank f\u00fcr euer spontanes Zusagen, Backen und Mitnehmen.<\/p>\n<p>Nicht zu vergessen all die vielen fleissigen H\u00e4nde, die uns w\u00e4hrend des Treffens immer wieder zur Hand gingen. Ohne euch w\u00e4re es nicht zu diesem unvergesslichen Treffen geworden.<br \/>\n\u2764\ufe0flichen Dank<\/p>\n<p>Wir m\u00f6chten aber auch folgenden Sponsoren herzlich danken<\/p>\n\n<table id=\"tablepress-23\" class=\"tablepress tablepress-id-23\">\n<tbody class=\"row-striping row-hover\">\n<tr class=\"row-1\">\n\t<td class=\"column-1\"><strong>Designwerk Technologies AG<br \/>\nWinterthur<\/strong><\/td><td class=\"column-2\">Wir bedanken uns ganz bei Designwerk Technologies AG, Winterthur. Ohne sie w\u00e4re dieses Treffen gar nicht m\u00f6glich gewesen.<br \/>\n<br \/>\nHerr Dettwiler (GL-Mitglied) hatte mich schon letztes Jahr eingeladen, das Treffen auf ihrem Gel\u00e4nde durchzuf\u00fchren.<br \/>\nAls wir nun dieses Jahr wieder nachfragten, ob dieses Angebot immer noch gelten w\u00fcrde, sagte er spontan \"ja\".<br \/>\nEr nahm sogar selber mit einem Microlino teil. F\u00fcr Eingefleischte auf den Bildern sehr gut als der \"einzige\" Microlino 1.0.<br \/>\n<br \/>\nWir durften w\u00e4hrend des ganzen Tages auf ihrem Gel\u00e4nde Gastrecht geniessen. Sie stellten uns auch den Strom f\u00fcr die \"hungrigen\" Microlinos zur Verf\u00fcgung.<br \/>\nSie r\u00e4umten extra f\u00fcr uns eine Halle, damit wir bei jedem Wetter unter einem gedeckten Platz essen und diskutieren konnten.<br \/>\nDraussen wurden sogar extra LKWs umparkiert, damit unsere kleinen Autos sch\u00f6n und gen\u00fcgend Platz hatten.<br \/>\n<br \/>\nAlle Teilnehmenden kamen auch in den Genuss einer F\u00fchrung durchs gesamte Werk. Herr Loacker und Herr Dettwiler (beide von der GL) waren die prominenten und fachkompetenten Personen, die uns durch die \"heiligen Hallen\" von der Entwicklungs- und Forschungsabteilung bis zur Fertigungshallen f\u00fchrten.<br \/>\nHerzlichen Dank.<br \/>\n<br \/>\nEin weiteres Dankesch\u00f6n geh\u00f6rt auch Herrn Langenegger. Er half uns sehr beim Aufstellen der vielen Ladestationen. Ohne sein Fachwissen und seine Erfahrung h\u00e4tte es sicherlich doppelt so lange gedauert.<br \/>\n<br \/>\n<br \/>\nAllen nochmals ein sehr herzliches Dankesch\u00f6n im Namen aller Teilnehmerinnen und Teilnehmer<br \/>\n<br \/>\n<\/td><td class=\"column-3\"><a href=\"https:\/\/www.designwerk.com\/\" rel=\"noopener\" target=\"_blank\">www.designwerk.com<\/a><\/td>\n<\/tr>\n<tr class=\"row-2\">\n\t<td class=\"column-1\"><strong>Microlino AG<\/strong><\/td><td class=\"column-2\">Die Microlino AG hatte uns wieder mit einem wundersch\u00f6nen Geschenk \u00fcberrascht.<br \/>\n<br \/>\nJeder Microlino wurde mit einem \"Rucksack\" beschenkt. Dieser Rucksack dient dazu, dass wir mehr Ordnung im \"Gep\u00e4ckraum des Microlino\" halten k\u00f6nnen (Aufbewahrungsm\u00f6glichkeit f\u00fcrs Ladekabel, ...)<br \/>\n<br \/>\n<br \/>\nWir m\u00f6chten uns \"im Namen jeden Microlinos\" f\u00fcr dieses \u00e4usserst sinnvolle Geschenk bedanken<br \/>\n<br \/>\n <\/td><td class=\"column-3\"><a href=\"https:\/\/microlino-car.com\/de-ch\" rel=\"noopener\" target=\"_blank\">www.microlino-car.com<\/a><br \/>\n<br \/>\n<a href=\"https:\/\/www.micro-scooter.com\/ch_de\/microlino-backpack\" rel=\"noopener\" target=\"_blank\">Microlino-Rucksack<\/a><\/td>\n<\/tr>\n<tr class=\"row-3\">\n\t<td class=\"column-1\"><strong>EBS Schwyz<\/strong><\/td><td class=\"column-2\">Wie schon letztes Jahr stellte uns unser privater Stromlieferant EBS Schwyz sofort wieder die Verteilerinfrastruktur zusammen.<br \/>\n<br \/>\nDa wir diesmal viel mehr \"Verteilermaterial\" brauchten, machten wir ab, dass wir sowohl die Arbeitszeit der Lehrlinge als auch den grossen Verteilerkasten (Eingang mit 123A  ->  4x 32A  -> 8x 16A  ->  24x T13-Steckdosen) verg\u00fcten werden. <br \/>\n<br \/>\nAlles andere, was die \"Stromerei\" anbelangte, wurde von ihnen gesponsert (Vorplanungsarbeiten durch den Chef, etliche Verteilerboxen und Verl\u00e4ngerungskabel, ...)<br \/>\n<br \/>\nHerzlichen Dank unsererseits<br \/>\n<br \/>\n<\/td><td class=\"column-3\"><a href=\"https:\/\/www.ebs.swiss\/\" rel=\"noopener\" target=\"_blank\">www.ebs.swiss<\/a><\/td>\n<\/tr>\n<tr class=\"row-4\">\n\t<td class=\"column-1\"><strong>Astara Western Europe<\/strong><\/td><td class=\"column-2\">\u00dcberraschend erhielten wir im Verlaufe der Ausschreibung eine Email, dass Astara Western Europe gerne 30 T-Shirts sponsern m\u00f6chte.<br \/>\n<br \/>\nIm Namen der deutschen Teilnehmenden (sie erhielten bei der Ankunft je ein T-Shirt\/Person) und der gl\u00fccklichen Gewinnern (u.a. Oliver Ouboter und Herrn Dettwiler) recht herzlich bedanken.<br \/>\nDie T-Shirts waren heissbegehrt.<br \/>\n<br \/>\nHerzlichen Dank<br \/>\n<br \/>\n<\/td><td class=\"column-3\"><a href=\"https:\/\/microlino-treffen.ch\/wp-content\/uploads\/2024\/07\/20240622_13-37-34_28_FrediSchefer.jpg\" rel=\"noopener\" target=\"_blank\">Gruppenfoto mit T-Shirt<\/a><\/td>\n<\/tr>\n<tr class=\"row-5\">\n\t<td class=\"column-1\"><strong>Schreinerei Styger<\/strong><\/td><td class=\"column-2\">Um den ganzen \"Kabelsalat\" und das Catering nach Winterthur transportieren zu k\u00f6nnen, h\u00e4tten wir einen Bus mit Anh\u00e4nger zumieten m\u00fcssen. Aber unser Schwiegersohn mit Familie sprang ein.<br \/>\n<br \/>\nWir m\u00f6chten uns bei ihnen recht herzlich bedanken. Ohne grosse Diskussion stellte er sich als erfahrener Fahrer (inkl. Anh\u00e4nger) zur Verf\u00fcgung (obwohl es auch noch ihr Hochzeitstag war)<br \/>\n<br \/>\nHerzlichen Dank - und gerne wieder mal<\/td><td class=\"column-3\"><a href=\"https:\/\/schreinerei-styger.ch\/\" rel=\"noopener\" target=\"_blank\">www.schreinerei-styger.ch<\/a><\/td>\n<\/tr>\n<tr class=\"row-6\">\n\t<td class=\"column-1\"><strong>Werbe-Tec<\/strong><\/td><td class=\"column-2\">Letztes Jahr wurden wir von einem Teilnehmer mit einem \"Erinnerungskleber\" f\u00fcr den Microlino \u00fcberrascht.<br \/>\n<br \/>\nDieses Jahr hatten wir ihn vorg\u00e4ngig angefragt, ob er wieder etwas entwerfen k\u00f6nnte. Sofort war er dabei. Das Resultat klebt nun an den vielen Microlinos, die dabei waren.<br \/>\nEr stellte sie f\u00fcr uns auch dieses Jahr wieder kostenlos her.<br \/>\n<br \/>\nHerzlichen Dank f\u00fcr dein spontanes Zusagen.<br \/>\n<br \/>\n<\/td><td class=\"column-3\"><a href=\"https:\/\/werbetec.ch\/\" rel=\"noopener\" target=\"_blank\">https:\/\/werbetec.ch<\/a><\/td>\n<\/tr>\n<tr class=\"row-7\">\n\t<td class=\"column-1\"><strong>Chopfab Boxer<\/strong><\/td><td class=\"column-2\">Da wir unser Treffen in Winterthur hatten, wollten wir auch m\u00f6glichst regional bleiben. Dazu verhalf uns die Brauerei \"Chopfab Boxer\".<br \/>\n<br \/>\nSie stellten uns gratis rund 200 Flaschen\/Dosen Bier zur Verf\u00fcgung.<br \/>\nDass so viele Dosen in einem Microlino Platz finden, k\u00f6nnt ihr unter den Erinnerungsfotos gut sehen.<br \/>\n<br \/>\nWir m\u00f6chten uns f\u00fcr euer spontanes Zusagen recht herzlich bedanken.<br \/>\n<br \/>\nHerzlichen Dank<br \/>\n<br \/>\n<\/td><td class=\"column-3\"><a href=\"https:\/\/www.chopfabboxer.ch\/de\/\" rel=\"noopener\" target=\"_blank\">www.chopfabboxer.ch<\/a><\/td>\n<\/tr>\n<tr class=\"row-8\">\n\t<td class=\"column-1\"><strong>Technorama<\/strong><\/td><td class=\"column-2\">Wir m\u00f6chten euch recht herzlich danken, dass ihr uns zwei Tageskarten zur Verf\u00fcgung gestellt habt.<br \/>\n<br \/>\nDie Freude bei den \"Gewinnern\" war gross.<\/td><td class=\"column-3\"><a href=\"https:\/\/www.technorama.ch\/de\/home\" rel=\"noopener\" target=\"_blank\">www.technorama.ch<\/a><\/td>\n<\/tr>\n<tr class=\"row-9\">\n\t<td class=\"column-1\"><strong>Viele KleinspenderInnen<\/strong><\/td><td class=\"column-2\">Etliche von euch haben \"einfach so\" den Teilnahmebeitrag aufgerundet. Oder bei einer Absage ihren Betrag als \"Sponsoring\" zur Verf\u00fcgung gestellt.<br \/>\n<br \/>\nDaf\u00fcr m\u00f6chten wir euch recht herzlich danken.<br \/>\n<br \/>\n<\/td><td class=\"column-3\"><\/td>\n<\/tr>\n<\/tbody>\n<\/table>\n<!-- #tablepress-23 from cache -->\n<p>&nbsp;<\/p>\n","protected":false},"excerpt":{"rendered":"<p>Wir m\u00f6chten uns gerne bei allen bedanken, die zum Erfolg dieses Treffens beigetragen haben. Der Dank gilt vor allem meinen beiden fleissigen Mithelfern Fredi und Martin. Ohne ihre tatkr\u00e4ftige Mithilfe, ihrem Mitdenken und Mitorganisieren w\u00e4re es nicht m\u00f6glich gewesen, so etwas auf die Beine zu stellen. Herzlichen Dank \ud83d\udc4f \u2764\ufe0f Ein ebenso grosses Dankesch\u00f6n geh\u00f6rt &hellip; <a href=\"https:\/\/microlino-treffen.ch\/?page_id=628\" class=\"more-link\"><span class=\"screen-reader-text\">\u201eMicrolinotreffen 2024: Dankesch\u00f6n den Mithelfenden und Sponsoren\u201c <\/span>weiterlesen<\/a><\/p>\n","protected":false},"author":1,"featured_media":0,"parent":0,"menu_order":0,"comment_status":"closed","ping_status":"closed","template":"","meta":{"_bbp_topic_count":0,"_bbp_reply_count":0,"_bbp_total_topic_count":0,"_bbp_total_reply_count":0,"_bbp_voice_count":0,"_bbp_anonymous_reply_count":0,"_bbp_topic_count_hidden":0,"_bbp_reply_count_hidden":0,"_bbp_forum_subforum_count":0,"footnotes":""},"class_list":["post-628","page","type-page","status-publish","hentry"],"_links":{"self":[{"href":"https:\/\/microlino-treffen.ch\/index.php?rest_route=\/wp\/v2\/pages\/628","targetHints":{"allow":["GET"]}}],"collection":[{"href":"https:\/\/microlino-treffen.ch\/index.php?rest_route=\/wp\/v2\/pages"}],"about":[{"href":"https:\/\/microlino-treffen.ch\/index.php?rest_route=\/wp\/v2\/types\/page"}],"author":[{"embeddable":true,"href":"https:\/\/microlino-treffen.ch\/index.php?rest_route=\/wp\/v2\/users\/1"}],"replies":[{"embeddable":true,"href":"https:\/\/microlino-treffen.ch\/index.php?rest_route=%2Fwp%2Fv2%2Fcomments&post=628"}],"version-history":[{"count":10,"href":"https:\/\/microlino-treffen.ch\/index.php?rest_route=\/wp\/v2\/pages\/628\/revisions"}],"predecessor-version":[{"id":988,"href":"https:\/\/microlino-treffen.ch\/index.php?rest_route=\/wp\/v2\/pages\/628\/revisions\/988"}],"wp:attachment":[{"href":"https:\/\/microlino-treffen.ch\/index.php?rest_route=%2Fwp%2Fv2%2Fmedia&parent=628"}],"curies":[{"name":"wp","href":"https:\/\/api.w.org\/{rel}","templated":true}]}}